{"id":186,"date":"2026-02-27T18:27:27","date_gmt":"2026-02-27T18:27:27","guid":{"rendered":"https:\/\/buehne12.ch\/?page_id=186"},"modified":"2026-03-04T14:42:57","modified_gmt":"2026-03-04T14:42:57","slug":"wir-suchen-dich","status":"publish","type":"page","link":"https:\/\/buehne12.ch\/?page_id=186","title":{"rendered":"Wir suchen dich"},"content":{"rendered":"<style>.kb-row-layout-id186_6cc681-25 > .kt-row-column-wrap{align-content:start;}:where(.kb-row-layout-id186_6cc681-25 > .kt-row-column-wrap) > .wp-block-kadence-column{justify-content:start;}.kb-row-layout-id186_6cc681-25 > .kt-row-column-wrap{column-gap:var(--global-kb-gap-md, 2rem);row-gap:var(--global-kb-gap-md, 2rem);padding-top:var(--global-kb-spacing-sm, 1.5rem);padding-bottom:var(--global-kb-spacing-sm, 1.5rem);grid-template-columns:minmax(0, 1fr);}.kb-row-layout-id186_6cc681-25 > .kt-row-layout-overlay{opacity:0.30;}@media all and (max-width: 1024px){.kb-row-layout-id186_6cc681-25 > .kt-row-column-wrap{grid-template-columns:minmax(0, 1fr);}}@media all and (max-width: 767px){.kb-row-layout-id186_6cc681-25 > .kt-row-column-wrap{grid-template-columns:minmax(0, 1fr);}}<\/style><div class=\"kb-row-layout-wrap kb-row-layout-id186_6cc681-25 alignnone wp-block-kadence-rowlayout\"><div class=\"kt-row-column-wrap kt-has-1-columns kt-row-layout-equal kt-tab-layout-inherit kt-mobile-layout-row kt-row-valign-top\">\n<style>.kadence-column186_680007-fd > .kt-inside-inner-col,.kadence-column186_680007-fd > .kt-inside-inner-col:before{border-top-left-radius:0px;border-top-right-radius:0px;border-bottom-right-radius:0px;border-bottom-left-radius:0px;}.kadence-column186_680007-fd > .kt-inside-inner-col{column-gap:var(--global-kb-gap-sm, 1rem);}.kadence-column186_680007-fd > .kt-inside-inner-col{flex-direction:column;}.kadence-column186_680007-fd > .kt-inside-inner-col > .aligncenter{width:100%;}.kadence-column186_680007-fd > .kt-inside-inner-col:before{opacity:0.3;}.kadence-column186_680007-fd{position:relative;}@media all and (max-width: 1024px){.kadence-column186_680007-fd > .kt-inside-inner-col{flex-direction:column;justify-content:center;}}@media all and (max-width: 767px){.kadence-column186_680007-fd > .kt-inside-inner-col{flex-direction:column;justify-content:center;}}<\/style>\n<div class=\"wp-block-kadence-column kadence-column186_680007-fd\"><div class=\"kt-inside-inner-col\">\n<h2 class=\"wp-block-heading\">Die schwarze Spinne &#8211; Freilichttheater 2027<\/h2>\n<\/div><\/div>\n\n<\/div><\/div>\n\n\n<p>Im Juni 2027 ist wieder Feilichttheater-Zeit im SiLO12 in L\u00e4ufelfingen. Unter der Regie von Danny Wehrm\u00fcller wird &#171;<strong>Die schwarze Spinne<\/strong>&#171;, frei nach einer Novelle von Jeremias Gotthelf, aufgef\u00fchrt.<\/p>\n\n\n\n<p>Die zeitgen\u00f6ssische Interpretation mit vielen Liedern erz\u00e4hlt auf gef\u00fchlsintensive Art von einer unheimlichen Gefahr und ihrer Bew\u00e4ltigung, von Spaltung und Solidarit\u00e4t, von Versuchung und Zusammenhalt.<\/p>\n\n\n<style>.kb-row-layout-id186_254daa-4b > .kt-row-column-wrap{align-content:start;}:where(.kb-row-layout-id186_254daa-4b > .kt-row-column-wrap) > .wp-block-kadence-column{justify-content:start;}.kb-row-layout-id186_254daa-4b > .kt-row-column-wrap{column-gap:var(--global-kb-gap-md, 2rem);row-gap:var(--global-kb-gap-md, 2rem);padding-top:var(--global-kb-spacing-sm, 1.5rem);padding-bottom:var(--global-kb-spacing-sm, 1.5rem);grid-template-columns:minmax(0, 1fr);}.kb-row-layout-id186_254daa-4b > .kt-row-layout-overlay{opacity:0.30;}@media all and (max-width: 1024px){.kb-row-layout-id186_254daa-4b > .kt-row-column-wrap{grid-template-columns:minmax(0, 1fr);}}@media all and (max-width: 767px){.kb-row-layout-id186_254daa-4b > .kt-row-column-wrap{grid-template-columns:minmax(0, 1fr);}}<\/style><div class=\"kb-row-layout-wrap kb-row-layout-id186_254daa-4b alignnone wp-block-kadence-rowlayout\"><div class=\"kt-row-column-wrap kt-has-1-columns kt-row-layout-equal kt-tab-layout-inherit kt-mobile-layout-row kt-row-valign-top\">\n<style>.kadence-column186_ab2938-32 > .kt-inside-inner-col,.kadence-column186_ab2938-32 > .kt-inside-inner-col:before{border-top-left-radius:0px;border-top-right-radius:0px;border-bottom-right-radius:0px;border-bottom-left-radius:0px;}.kadence-column186_ab2938-32 > .kt-inside-inner-col{column-gap:var(--global-kb-gap-sm, 1rem);}.kadence-column186_ab2938-32 > .kt-inside-inner-col{flex-direction:column;}.kadence-column186_ab2938-32 > .kt-inside-inner-col > .aligncenter{width:100%;}.kadence-column186_ab2938-32 > .kt-inside-inner-col:before{opacity:0.3;}.kadence-column186_ab2938-32{position:relative;}@media all and (max-width: 1024px){.kadence-column186_ab2938-32 > .kt-inside-inner-col{flex-direction:column;justify-content:center;}}@media all and (max-width: 767px){.kadence-column186_ab2938-32 > .kt-inside-inner-col{flex-direction:column;justify-content:center;}}<\/style>\n<div class=\"wp-block-kadence-column kadence-column186_ab2938-32\"><div class=\"kt-inside-inner-col\">\n<h2 class=\"wp-block-heading\">Das ist deine Chance!<\/h2>\n<\/div><\/div>\n\n<\/div><\/div>\n\n\n<p>Du hast Freude am Schauspiel? In eine andere Rolle zu schl\u00fcpfen macht dir Spass? Aus voller Inbrunst ein Lied im Chor zu singen macht dir nichts aus? Du hast auch keine Angst davor, einem Hammer und Akkuschrauber in der Hand zu halten? Dann bist du bei uns genau richtig, denn wir lernen nicht nur die Texte auswendig, wir packen auch mit an, wenn es darum geht die B\u00fchne und die Eventlocation zum leben zu erwecken.<\/p>\n\n\n\n<p>Wir suchen weitere <strong>spielfreudige Schauspielerinnen und Schauspieler ab 18 Jahren.<\/strong> <\/p>\n\n\n\n<p>Hier ein paar Eckdaten zu den Proben und Vorstellungen:<\/p>\n\n\n\n<p><strong>Proben<\/strong>: Ende Oktober 2026 bis Mai 2027<br><strong>Vorstellungen:<\/strong> Juni 2027<br><strong>Ort:<\/strong> SiLO12, 4448 L\u00e4ufelfingen<\/p>\n\n\n\n<p>Ist deine Neugier schon geweckt? Dann melde dich sofort bei unserem Regisseur Danny Wehrm\u00fcller:<\/p>\n\n\n<style>.kb-row-layout-id186_087e57-b5 > .kt-row-column-wrap{align-content:start;}:where(.kb-row-layout-id186_087e57-b5 > .kt-row-column-wrap) > .wp-block-kadence-column{justify-content:start;}.kb-row-layout-id186_087e57-b5 > .kt-row-column-wrap{column-gap:var(--global-kb-gap-md, 2rem);row-gap:var(--global-kb-gap-md, 2rem);padding-top:var(--global-kb-spacing-sm, 1.5rem);padding-bottom:var(--global-kb-spacing-sm, 1.5rem);grid-template-columns:repeat(2, minmax(0, 1fr));}.kb-row-layout-id186_087e57-b5 > .kt-row-layout-overlay{opacity:0.30;}@media all and (max-width: 1024px){.kb-row-layout-id186_087e57-b5 > .kt-row-column-wrap{grid-template-columns:repeat(2, minmax(0, 1fr));}}@media all and (max-width: 767px){.kb-row-layout-id186_087e57-b5 > .kt-row-column-wrap{grid-template-columns:minmax(0, 1fr);}}<\/style><div class=\"kb-row-layout-wrap kb-row-layout-id186_087e57-b5 alignnone wp-block-kadence-rowlayout\"><div class=\"kt-row-column-wrap kt-has-2-columns kt-row-layout-equal kt-tab-layout-inherit kt-mobile-layout-row kt-row-valign-top\">\n<style>.kadence-column186_149a07-63 > .kt-inside-inner-col,.kadence-column186_149a07-63 > .kt-inside-inner-col:before{border-top-left-radius:0px;border-top-right-radius:0px;border-bottom-right-radius:0px;border-bottom-left-radius:0px;}.kadence-column186_149a07-63 > .kt-inside-inner-col{column-gap:var(--global-kb-gap-sm, 1rem);}.kadence-column186_149a07-63 > .kt-inside-inner-col{flex-direction:column;}.kadence-column186_149a07-63 > .kt-inside-inner-col > .aligncenter{width:100%;}.kadence-column186_149a07-63 > .kt-inside-inner-col:before{opacity:0.3;}.kadence-column186_149a07-63{position:relative;}@media all and (max-width: 1024px){.kadence-column186_149a07-63 > .kt-inside-inner-col{flex-direction:column;justify-content:center;}}@media all and (max-width: 767px){.kadence-column186_149a07-63 > .kt-inside-inner-col{flex-direction:column;justify-content:center;}}<\/style>\n<div class=\"wp-block-kadence-column kadence-column186_149a07-63\"><div class=\"kt-inside-inner-col\"><style>.wp-block-kadence-column.kb-section-dir-horizontal > .kt-inside-inner-col > .kt-info-box186_b9d1ad-4b .kt-blocks-info-box-link-wrap{max-width:unset;}.kt-info-box186_b9d1ad-4b .kt-blocks-info-box-link-wrap{border-top:5px solid var(--global-palette1, #3182CE);border-right:5px solid var(--global-palette1, #3182CE);border-bottom:5px solid var(--global-palette1, #3182CE);border-left:5px solid var(--global-palette1, #3182CE);border-top-left-radius:20px;border-top-right-radius:20px;border-bottom-right-radius:20px;border-bottom-left-radius:20px;background:#ffffff;padding-top:var(--global-kb-spacing-sm, 1.5rem);padding-right:var(--global-kb-spacing-sm, 1.5rem);padding-bottom:var(--global-kb-spacing-sm, 1.5rem);padding-left:var(--global-kb-spacing-sm, 1.5rem);margin-top:50px;}.kt-info-box186_b9d1ad-4b .kadence-info-box-icon-container .kt-info-svg-icon, .kt-info-box186_b9d1ad-4b .kt-info-svg-icon-flip, .kt-info-box186_b9d1ad-4b .kt-blocks-info-box-number{font-size:50px;}.kt-info-box186_b9d1ad-4b .kt-blocks-info-box-media{background:#ffffff;border-color:var(--global-palette1, #3182CE);border-radius:200px;overflow:hidden;border-top-width:5px;border-right-width:5px;border-bottom-width:5px;border-left-width:5px;padding-top:20px;padding-right:20px;padding-bottom:20px;padding-left:20px;}.kt-info-box186_b9d1ad-4b .kt-blocks-info-box-media-container{margin-top:-75px;margin-right:0px;margin-bottom:20px;margin-left:0px;}.kt-info-box186_b9d1ad-4b .kt-blocks-info-box-media .kadence-info-box-image-intrisic img{border-radius:200px;}.kt-info-box186_b9d1ad-4b .kt-infobox-textcontent h6.kt-blocks-info-box-title{padding-top:0px;padding-right:0px;padding-bottom:0px;padding-left:0px;margin-top:5px;margin-right:0px;margin-bottom:10px;margin-left:0px;}.kt-info-box186_b9d1ad-4b .kt-blocks-info-box-learnmore{background:transparent;border-width:0px 0px 0px 0px;padding-top:4px;padding-right:8px;padding-bottom:4px;padding-left:8px;margin-top:10px;margin-right:0px;margin-bottom:10px;margin-left:0px;}@media all and (max-width: 1024px){.kt-info-box186_b9d1ad-4b .kt-blocks-info-box-link-wrap{border-top:5px solid var(--global-palette1, #3182CE);border-right:5px solid var(--global-palette1, #3182CE);border-bottom:5px solid var(--global-palette1, #3182CE);border-left:5px solid var(--global-palette1, #3182CE);}}@media all and (max-width: 767px){.kt-info-box186_b9d1ad-4b .kt-blocks-info-box-link-wrap{border-top:5px solid var(--global-palette1, #3182CE);border-right:5px solid var(--global-palette1, #3182CE);border-bottom:5px solid var(--global-palette1, #3182CE);border-left:5px solid var(--global-palette1, #3182CE);text-align:center;}.kt-info-box186_b9d1ad-4b .kt-infobox-textcontent h6.kt-blocks-info-box-title{font-size:var(--global-kb-font-size-md, 1.25rem);}}<\/style>\n<div class=\"wp-block-kadence-infobox kt-info-box186_b9d1ad-4b\"><div class=\"kt-blocks-info-box-link-wrap kt-blocks-info-box-media-align-top kt-info-halign-center\"><div class=\"kt-blocks-info-box-media-container\"><div class=\"kt-blocks-info-box-media kt-info-media-animate-none\"><div class=\"kadence-info-box-icon-container kt-info-icon-animate-none\"><div class=\"kadence-info-box-icon-inner-container\"><span class=\"kb-svg-icon-wrap kb-svg-icon-kb_email-solid-round kt-info-svg-icon\"><svg viewBox=\"0 0 256 256\"  fill=\"currentColor\" xmlns=\"http:\/\/www.w3.org\/2000\/svg\"  aria-hidden=\"true\"><path d=\"M127.857 1.407c-69.837 0-126.45 56.613-126.45 126.45s56.613 126.45 126.45 126.45 126.45-56.613 126.45-126.45-56.613-126.45-126.45-126.45m75.87 161.572c0 11.858-9.65 21.505-21.505 21.505H73.492c-11.859 0-21.505-9.65-21.505-21.505V92.734c0-11.858 9.646-21.505 21.505-21.505h108.727c11.858 0 21.505 9.647 21.505 21.505v70.245z\" stroke-miterlimit=\"10\" stroke-width=\"0\"\/><path d=\"m154.571 127.323 30.382-29.828a6.387 6.387 0 0 0 .081-9.035 6.38 6.38 0 0 0-9.03-.081l-39.838 39.112c-4.578 4.5-12.038 4.5-16.619 0L79.71 88.376a6.395 6.395 0 0 0-9.034.082 6.39 6.39 0 0 0 .081 9.034l30.382 29.83-30.379 29.832a6.384 6.384 0 0 0 4.477 10.942 6.36 6.36 0 0 0 4.476-1.832l30.547-29.991.34.334c4.758 4.67 11.007 7.005 17.26 7.005s12.501-2.335 17.258-7.008l.338-.331 30.55 29.99a6.37 6.37 0 0 0 4.476 1.833 6.384 6.384 0 0 0 4.476-10.942z\" stroke-miterlimit=\"10\" stroke-width=\"0\"\/><\/svg><\/span><\/div><\/div><\/div><\/div><div class=\"kt-infobox-textcontent\"><h6 class=\"kt-blocks-info-box-title\"><a href=\"mailto:danny.wehrmueller@bluewin.ch\" target=\"_blank\" rel=\"noreferrer noopener\">danny.wehrmueller<\/a><a href=\"mailto:danny.wehrmueller@bluewin.ch\">@bluewin.ch<\/a><\/h6><\/div><\/div><\/div>\n<\/div><\/div>\n\n\n<style>.kadence-column186_6e7a72-6a > .kt-inside-inner-col,.kadence-column186_6e7a72-6a > .kt-inside-inner-col:before{border-top-left-radius:0px;border-top-right-radius:0px;border-bottom-right-radius:0px;border-bottom-left-radius:0px;}.kadence-column186_6e7a72-6a > .kt-inside-inner-col{column-gap:var(--global-kb-gap-sm, 1rem);}.kadence-column186_6e7a72-6a > .kt-inside-inner-col{flex-direction:column;}.kadence-column186_6e7a72-6a > .kt-inside-inner-col > .aligncenter{width:100%;}.kadence-column186_6e7a72-6a > .kt-inside-inner-col:before{opacity:0.3;}.kadence-column186_6e7a72-6a{position:relative;}@media all and (max-width: 1024px){.kadence-column186_6e7a72-6a > .kt-inside-inner-col{flex-direction:column;justify-content:center;}}@media all and (max-width: 767px){.kadence-column186_6e7a72-6a > .kt-inside-inner-col{flex-direction:column;justify-content:center;}}<\/style>\n<div class=\"wp-block-kadence-column kadence-column186_6e7a72-6a\"><div class=\"kt-inside-inner-col\"><style>.wp-block-kadence-column.kb-section-dir-horizontal > .kt-inside-inner-col > .kt-info-box186_4a346e-29 .kt-blocks-info-box-link-wrap{max-width:unset;}.kt-info-box186_4a346e-29 .kt-blocks-info-box-link-wrap{border-top:5px solid var(--global-palette1, #3182CE);border-right:5px solid var(--global-palette1, #3182CE);border-bottom:5px solid var(--global-palette1, #3182CE);border-left:5px solid var(--global-palette1, #3182CE);border-top-left-radius:20px;border-top-right-radius:20px;border-bottom-right-radius:20px;border-bottom-left-radius:20px;background:#ffffff;padding-top:var(--global-kb-spacing-sm, 1.5rem);padding-right:var(--global-kb-spacing-sm, 1.5rem);padding-bottom:var(--global-kb-spacing-sm, 1.5rem);padding-left:var(--global-kb-spacing-sm, 1.5rem);margin-top:50px;}.kt-info-box186_4a346e-29 .kadence-info-box-icon-container .kt-info-svg-icon, .kt-info-box186_4a346e-29 .kt-info-svg-icon-flip, .kt-info-box186_4a346e-29 .kt-blocks-info-box-number{font-size:50px;}.kt-info-box186_4a346e-29 .kt-blocks-info-box-media{background:#ffffff;border-color:var(--global-palette1, #3182CE);border-radius:200px;overflow:hidden;border-top-width:5px;border-right-width:5px;border-bottom-width:5px;border-left-width:5px;padding-top:20px;padding-right:20px;padding-bottom:20px;padding-left:20px;}.kt-info-box186_4a346e-29 .kt-blocks-info-box-media-container{margin-top:-75px;margin-right:0px;margin-bottom:20px;margin-left:0px;}.kt-info-box186_4a346e-29 .kt-blocks-info-box-media .kadence-info-box-image-intrisic img{border-radius:200px;}.kt-info-box186_4a346e-29 .kt-infobox-textcontent h6.kt-blocks-info-box-title{padding-top:0px;padding-right:0px;padding-bottom:0px;padding-left:0px;margin-top:5px;margin-right:0px;margin-bottom:10px;margin-left:0px;}.kt-info-box186_4a346e-29 .kt-blocks-info-box-learnmore{background:transparent;border-width:0px 0px 0px 0px;padding-top:4px;padding-right:8px;padding-bottom:4px;padding-left:8px;margin-top:10px;margin-right:0px;margin-bottom:10px;margin-left:0px;}@media all and (max-width: 1024px){.kt-info-box186_4a346e-29 .kt-blocks-info-box-link-wrap{border-top:5px solid var(--global-palette1, #3182CE);border-right:5px solid var(--global-palette1, #3182CE);border-bottom:5px solid var(--global-palette1, #3182CE);border-left:5px solid var(--global-palette1, #3182CE);}}@media all and (max-width: 767px){.kt-info-box186_4a346e-29 .kt-blocks-info-box-link-wrap{border-top:5px solid var(--global-palette1, #3182CE);border-right:5px solid var(--global-palette1, #3182CE);border-bottom:5px solid var(--global-palette1, #3182CE);border-left:5px solid var(--global-palette1, #3182CE);}.kt-info-box186_4a346e-29 .kt-infobox-textcontent h6.kt-blocks-info-box-title{font-size:var(--global-kb-font-size-md, 1.25rem);}}<\/style>\n<div class=\"wp-block-kadence-infobox kt-info-box186_4a346e-29\"><div class=\"kt-blocks-info-box-link-wrap kt-blocks-info-box-media-align-top kt-info-halign-center\"><div class=\"kt-blocks-info-box-media-container\"><div class=\"kt-blocks-info-box-media kt-info-media-animate-none\"><div class=\"kadence-info-box-icon-container kt-info-icon-animate-none\"><div class=\"kadence-info-box-icon-inner-container\"><span class=\"kb-svg-icon-wrap kb-svg-icon-fas_phone-square kt-info-svg-icon\"><svg viewBox=\"0 0 448 512\"  fill=\"currentColor\" xmlns=\"http:\/\/www.w3.org\/2000\/svg\"  aria-hidden=\"true\"><path d=\"M400 32H48C21.49 32 0 53.49 0 80v352c0 26.51 21.49 48 48 48h352c26.51 0 48-21.49 48-48V80c0-26.51-21.49-48-48-48zM94 416c-7.033 0-13.057-4.873-14.616-11.627l-14.998-65a15 15 0 0 1 8.707-17.16l69.998-29.999a15 15 0 0 1 17.518 4.289l30.997 37.885c48.944-22.963 88.297-62.858 110.781-110.78l-37.886-30.997a15.001 15.001 0 0 1-4.289-17.518l30-69.998a15 15 0 0 1 17.16-8.707l65 14.998A14.997 14.997 0 0 1 384 126c0 160.292-129.945 290-290 290z\"\/><\/svg><\/span><\/div><\/div><\/div><\/div><div class=\"kt-infobox-textcontent\"><h6 class=\"kt-blocks-info-box-title\"><a href=\"tel:+41 79 583 03 10\" target=\"_blank\" rel=\"noreferrer noopener\">+41 79 583 03 10<\/a><\/h6><\/div><\/div><\/div>\n<\/div><\/div>\n\n<\/div><\/div>\n\n\n<p><\/p>\n","protected":false},"excerpt":{"rendered":"<p>Die schwarze Spinne &#8211; Freilichttheater 2027 Im Juni 2027 ist wieder Feilichttheater-Zeit im SiLO12 in L\u00e4ufelfingen. Unter der Regie von Danny Wehrm\u00fcller wird &#171;Die schwarze Spinne&#171;, frei nach einer Novelle von Jeremias Gotthelf, aufgef\u00fchrt. Die zeitgen\u00f6ssische Interpretation mit vielen Liedern erz\u00e4hlt auf gef\u00fchlsintensive Art von einer unheimlichen Gefahr und ihrer Bew\u00e4ltigung, von Spaltung und Solidarit\u00e4t,&#8230;<\/p>\n","protected":false},"author":2,"featured_media":0,"parent":37,"menu_order":0,"comment_status":"closed","ping_status":"closed","template":"","meta":{"_kadence_starter_templates_imported_post":false,"_kad_post_transparent":"","_kad_post_title":"","_kad_post_layout":"","_kad_post_sidebar_id":"","_kad_post_content_style":"","_kad_post_vertical_padding":"","_kad_post_feature":"","_kad_post_feature_position":"","_kad_post_header":false,"_kad_post_footer":false,"_kad_post_classname":"","footnotes":""},"class_list":["post-186","page","type-page","status-publish","hentry"],"yoast_head":"<!-- This site is optimized with the Yoast SEO plugin v27.2 - https:\/\/yoast.com\/product\/yoast-seo-wordpress\/ -->\n<title>Wir suchen dich - B\u00dcHNE12<\/title>\n<meta name=\"robots\" content=\"index, follow, max-snippet:-1, max-image-preview:large, max-video-preview:-1\" \/>\n<link rel=\"canonical\" href=\"https:\/\/buehne12.ch\/?page_id=186\" \/>\n<meta property=\"og:locale\" content=\"de_DE\" \/>\n<meta property=\"og:type\" content=\"article\" \/>\n<meta property=\"og:title\" content=\"Wir suchen dich - B\u00dcHNE12\" \/>\n<meta property=\"og:description\" content=\"Die schwarze Spinne &#8211; Freilichttheater 2027 Im Juni 2027 ist wieder Feilichttheater-Zeit im SiLO12 in L\u00e4ufelfingen. Unter der Regie von Danny Wehrm\u00fcller wird &#171;Die schwarze Spinne&#171;, frei nach einer Novelle von Jeremias Gotthelf, aufgef\u00fchrt. Die zeitgen\u00f6ssische Interpretation mit vielen Liedern erz\u00e4hlt auf gef\u00fchlsintensive Art von einer unheimlichen Gefahr und ihrer Bew\u00e4ltigung, von Spaltung und Solidarit\u00e4t,...\" \/>\n<meta property=\"og:url\" content=\"https:\/\/buehne12.ch\/?page_id=186\" \/>\n<meta property=\"og:site_name\" content=\"B\u00dcHNE12\" \/>\n<meta property=\"article:modified_time\" content=\"2026-03-04T14:42:57+00:00\" \/>\n<meta name=\"twitter:card\" content=\"summary_large_image\" \/>\n<meta name=\"twitter:label1\" content=\"Gesch\u00e4tzte Lesezeit\" \/>\n\t<meta name=\"twitter:data1\" content=\"2\u00a0Minuten\" \/>\n<script type=\"application\/ld+json\" class=\"yoast-schema-graph\">{\"@context\":\"https:\/\/schema.org\",\"@graph\":[{\"@type\":\"WebPage\",\"@id\":\"https:\/\/buehne12.ch\/?page_id=186\",\"url\":\"https:\/\/buehne12.ch\/?page_id=186\",\"name\":\"Wir suchen dich - B\u00dcHNE12\",\"isPartOf\":{\"@id\":\"https:\/\/buehne12.ch\/#website\"},\"datePublished\":\"2026-02-27T18:27:27+00:00\",\"dateModified\":\"2026-03-04T14:42:57+00:00\",\"breadcrumb\":{\"@id\":\"https:\/\/buehne12.ch\/?page_id=186#breadcrumb\"},\"inLanguage\":\"de-CH\",\"potentialAction\":[{\"@type\":\"ReadAction\",\"target\":[\"https:\/\/buehne12.ch\/?page_id=186\"]}]},{\"@type\":\"BreadcrumbList\",\"@id\":\"https:\/\/buehne12.ch\/?page_id=186#breadcrumb\",\"itemListElement\":[{\"@type\":\"ListItem\",\"position\":1,\"name\":\"Startseite\",\"item\":\"https:\/\/buehne12.ch\/\"},{\"@type\":\"ListItem\",\"position\":2,\"name\":\"\u00dcber uns\",\"item\":\"https:\/\/buehne12.ch\/?page_id=37\"},{\"@type\":\"ListItem\",\"position\":3,\"name\":\"Wir suchen dich\"}]},{\"@type\":\"WebSite\",\"@id\":\"https:\/\/buehne12.ch\/#website\",\"url\":\"https:\/\/buehne12.ch\/\",\"name\":\"B\u00dcHNE12\",\"description\":\"\",\"publisher\":{\"@id\":\"https:\/\/buehne12.ch\/#organization\"},\"potentialAction\":[{\"@type\":\"SearchAction\",\"target\":{\"@type\":\"EntryPoint\",\"urlTemplate\":\"https:\/\/buehne12.ch\/?s={search_term_string}\"},\"query-input\":{\"@type\":\"PropertyValueSpecification\",\"valueRequired\":true,\"valueName\":\"search_term_string\"}}],\"inLanguage\":\"de-CH\"},{\"@type\":\"Organization\",\"@id\":\"https:\/\/buehne12.ch\/#organization\",\"name\":\"B\u00dcHNE12\",\"url\":\"https:\/\/buehne12.ch\/\",\"logo\":{\"@type\":\"ImageObject\",\"inLanguage\":\"de-CH\",\"@id\":\"https:\/\/buehne12.ch\/#\/schema\/logo\/image\/\",\"url\":\"https:\/\/buehne12.ch\/wp-content\/uploads\/2026\/01\/cropped-cropped-buehne12_webicon.jpg\",\"contentUrl\":\"https:\/\/buehne12.ch\/wp-content\/uploads\/2026\/01\/cropped-cropped-buehne12_webicon.jpg\",\"width\":512,\"height\":259,\"caption\":\"B\u00dcHNE12\"},\"image\":{\"@id\":\"https:\/\/buehne12.ch\/#\/schema\/logo\/image\/\"}}]}<\/script>\n<!-- \/ Yoast SEO plugin. -->","yoast_head_json":{"title":"Wir suchen dich - B\u00dcHNE12","robots":{"index":"index","follow":"follow","max-snippet":"max-snippet:-1","max-image-preview":"max-image-preview:large","max-video-preview":"max-video-preview:-1"},"canonical":"https:\/\/buehne12.ch\/?page_id=186","og_locale":"de_DE","og_type":"article","og_title":"Wir suchen dich - B\u00dcHNE12","og_description":"Die schwarze Spinne &#8211; Freilichttheater 2027 Im Juni 2027 ist wieder Feilichttheater-Zeit im SiLO12 in L\u00e4ufelfingen. Unter der Regie von Danny Wehrm\u00fcller wird &#171;Die schwarze Spinne&#171;, frei nach einer Novelle von Jeremias Gotthelf, aufgef\u00fchrt. Die zeitgen\u00f6ssische Interpretation mit vielen Liedern erz\u00e4hlt auf gef\u00fchlsintensive Art von einer unheimlichen Gefahr und ihrer Bew\u00e4ltigung, von Spaltung und Solidarit\u00e4t,...","og_url":"https:\/\/buehne12.ch\/?page_id=186","og_site_name":"B\u00dcHNE12","article_modified_time":"2026-03-04T14:42:57+00:00","twitter_card":"summary_large_image","twitter_misc":{"Gesch\u00e4tzte Lesezeit":"2\u00a0Minuten"},"schema":{"@context":"https:\/\/schema.org","@graph":[{"@type":"WebPage","@id":"https:\/\/buehne12.ch\/?page_id=186","url":"https:\/\/buehne12.ch\/?page_id=186","name":"Wir suchen dich - B\u00dcHNE12","isPartOf":{"@id":"https:\/\/buehne12.ch\/#website"},"datePublished":"2026-02-27T18:27:27+00:00","dateModified":"2026-03-04T14:42:57+00:00","breadcrumb":{"@id":"https:\/\/buehne12.ch\/?page_id=186#breadcrumb"},"inLanguage":"de-CH","potentialAction":[{"@type":"ReadAction","target":["https:\/\/buehne12.ch\/?page_id=186"]}]},{"@type":"BreadcrumbList","@id":"https:\/\/buehne12.ch\/?page_id=186#breadcrumb","itemListElement":[{"@type":"ListItem","position":1,"name":"Startseite","item":"https:\/\/buehne12.ch\/"},{"@type":"ListItem","position":2,"name":"\u00dcber uns","item":"https:\/\/buehne12.ch\/?page_id=37"},{"@type":"ListItem","position":3,"name":"Wir suchen dich"}]},{"@type":"WebSite","@id":"https:\/\/buehne12.ch\/#website","url":"https:\/\/buehne12.ch\/","name":"B\u00dcHNE12","description":"","publisher":{"@id":"https:\/\/buehne12.ch\/#organization"},"potentialAction":[{"@type":"SearchAction","target":{"@type":"EntryPoint","urlTemplate":"https:\/\/buehne12.ch\/?s={search_term_string}"},"query-input":{"@type":"PropertyValueSpecification","valueRequired":true,"valueName":"search_term_string"}}],"inLanguage":"de-CH"},{"@type":"Organization","@id":"https:\/\/buehne12.ch\/#organization","name":"B\u00dcHNE12","url":"https:\/\/buehne12.ch\/","logo":{"@type":"ImageObject","inLanguage":"de-CH","@id":"https:\/\/buehne12.ch\/#\/schema\/logo\/image\/","url":"https:\/\/buehne12.ch\/wp-content\/uploads\/2026\/01\/cropped-cropped-buehne12_webicon.jpg","contentUrl":"https:\/\/buehne12.ch\/wp-content\/uploads\/2026\/01\/cropped-cropped-buehne12_webicon.jpg","width":512,"height":259,"caption":"B\u00dcHNE12"},"image":{"@id":"https:\/\/buehne12.ch\/#\/schema\/logo\/image\/"}}]}},"_links":{"self":[{"href":"https:\/\/buehne12.ch\/index.php?rest_route=\/wp\/v2\/pages\/186","targetHints":{"allow":["GET"]}}],"collection":[{"href":"https:\/\/buehne12.ch\/index.php?rest_route=\/wp\/v2\/pages"}],"about":[{"href":"https:\/\/buehne12.ch\/index.php?rest_route=\/wp\/v2\/types\/page"}],"author":[{"embeddable":true,"href":"https:\/\/buehne12.ch\/index.php?rest_route=\/wp\/v2\/users\/2"}],"replies":[{"embeddable":true,"href":"https:\/\/buehne12.ch\/index.php?rest_route=%2Fwp%2Fv2%2Fcomments&post=186"}],"version-history":[{"count":3,"href":"https:\/\/buehne12.ch\/index.php?rest_route=\/wp\/v2\/pages\/186\/revisions"}],"predecessor-version":[{"id":197,"href":"https:\/\/buehne12.ch\/index.php?rest_route=\/wp\/v2\/pages\/186\/revisions\/197"}],"up":[{"embeddable":true,"href":"https:\/\/buehne12.ch\/index.php?rest_route=\/wp\/v2\/pages\/37"}],"wp:attachment":[{"href":"https:\/\/buehne12.ch\/index.php?rest_route=%2Fwp%2Fv2%2Fmedia&parent=186"}],"curies":[{"name":"wp","href":"https:\/\/api.w.org\/{rel}","templated":true}]}}